 + 35 = 5*k - f, 5*k = 2*f + 64. What is the tens digit of 1660/k + 2/3?
3
Suppose -3*t - 5*x - 1 = 0, 3*x = 3*t - 7 - 32. What is the tens digit of 2/(t/(-804)*-3)?
6
Suppose 0 = a + 4, -1712 = -4*y + 2*a - 4*a. Let d = 613 - y. What is the hundreds digit of d?
1
Let v(f) = 126*f**2 + 33*f + 292. What is the thousands digit of v(-6)?
4
Suppose -295 = n - 1697. What is the tens digit of n?
0
Let k(b) = -3*b + 13. Let z(t) = t - 4. Let c(u) = -3*k(u) - 8*z(u). Let y be c(10). Suppose -y*n + 8*n = 5. What is the units digit of n?
1
Suppose 0 = 18*w - 166 + 22. Let l(q) = 7*q - 13. Let y(x) = -29*x + 53. Let h(k) = 9*l(k) + 2*y(k). What is the units digit of h(w)?
9
Let b = 955 + -98. What is the hundreds digit of b?
8
Let c(k) = -66*k + 11 + 28*k + 27*k. What is the tens digit of c(-5)?
6
Let c(p) = p**3 + 3*p**2 + p + 1. Let u be c(-2). Let a be 6 + 2/(u + -1). Suppose 212 = a*r - 3*r. What is the units digit of r?
3
Suppose 3*f = -0*f - 3*i + 57, 0 = -f + 5*i - 11. Suppose 10 = -3*b - f. What is the units digit of b/(-3) + 4/12?
3
Let t(n) = n**3 + 8*n**2 - 9*n + 3. Let q be t(-8). Let o = 103 - q. What is the units digit of o?
8
Let q = 217 - -214. What is the hundreds digit of q?
4
Let f = 167 - 361. What is the units digit of -2 - -1*2/((-4)/f)?
5
Let l = 1112 - 313. What is the tens digit of l?
9
Let z(s) = 2*s**3 + 3*s**2 - s - 5. What is the tens digit of z(6)?
2
Let n(p) = 3*p - 8 + 9*p**2 + 11*p**3 + 13*p**3 - 25*p**3. What is the units digit of n(9)?
9
What is the thousands digit of 5 + (-6)/63 + (-72267)/(-63)?
1
Let l be 1610/92*(-4)/(-14). Let x be (2 + -2 + 0)*1. Suppose 2*s + x*s + 3*b = 100, 0 = -l*s + b + 284. What is the tens digit of s?
5
Let t = -48 + 51. Suppose 4*w + 134 = t*g, -3*w - 108 = -2*g - 5*w. What is the tens digit of g?
5
Let z(f) = -7*f - 1. Let m be z(-2). Suppose -3*n + 194 + m = 0. What is the tens digit of n?
6
Let w be (-1)/(17/6 + -3). Suppose -4*a + 2*m + 248 = w*m, -154 = -2*a + 4*m. What is the units digit of a?
7
Let b(x) = -2*x**3 + 6*x**2 + 52*x + 34. What is the hundreds digit of b(-12)?
7
Let d(v) be the first derivative of v**3/3 + 23*v + 7. What is the tens digit of d(0)?
2
Let k = 199 - -27. What is the tens digit of k?
2
Let j(o) = -2*o**2 - 9*o + 7. Let m be j(-5). Suppose -4*u = m*u - 258. What is the tens digit of u?
4
Let s = -9 - -5. Let q be (-5)/5 - 3*s. Suppose 3*v + 13 + q = 3*j, j = -4*v - 12. What is the units digit of j?
4
Suppose -4*w + 8*t - 3*t + 7001 = 0, w - t = 1750. What is the tens digit of w?
4
What is the units digit of -7 + (-7)/(-1) + 1001?
1
Let a(v) = -4*v - 9*v - v - 10 + 11*v. Let m be a(-15). Suppose -l - 105 = -3*b + m, -3*b = 4*l - 145. What is the tens digit of b?
4
Let i(u) = -31*u**2 - 7*u + 10. Let v be i(3). Let q = v + 408. What is the tens digit of q?
1
Suppose -l - 6 = l, -5*l - 15 = 4*h. Suppose -4*k = -0*k + 3*v - 24, 4*v = 16. Suppose 2*d + 12 = k*p - h*d, -p + 12 = 2*d. What is the units digit of p?
6
What is the tens digit of (-11166)/(-45) - (8/60 + 0)?
4
Let p(c) be the first derivative of -c**4/4 + c**3/3 + c**2 + 62*c + 8. What is the tens digit of p(0)?
6
Suppose -6 = 4*p + 6. What is the units digit of 82*-2*p/12?
1
Let g(s) = 971*s**2 - 15*s - 33. What is the units digit of g(-2)?
1
Let q = 13 - 11. Let w(l) = 23*l**2 - 3. What is the tens digit of w(q)?
8
Suppose 0 = 3*z + 3*j + 3657, -4*z + 3*z = -j + 1223. What is the hundreds digit of (-12)/8 - z/(-12)*-2?
2
Suppose -4*s + 26 = 6. Let w = 26 + s. What is the units digit of w*(-3 - -1)/(-2)?
1
Let u = 1 - 1. Suppose m + 2*w = 7*w - 21, -2*m = 2*w + 6. What is the units digit of (2 - u)*(-51)/m?
7
Let k be (20/(-25))/((-2)/5). Let b(a) = -5 + 7*a**2 + a - a**k + 0*a + a**3. What is the tens digit of b(-5)?
1
Suppose 4*l - 3*w + 16 = 0, 2*l - 2*w + 8 = -0*l. What is the tens digit of 2/(-10)*-592 - l/(-10)?
1
Let p(h) be the first derivative of h**3/3 - 5*h**2/2 + 11*h - 17. What is the units digit of p(-7)?
5
Let r(y) be the third derivative of 17*y**6/120 - y**5/30 + y**4/24 + y**3/3 + 12*y**2. Let i be r(-1). What is the units digit of 81/2 + 9/i?
0
Let n(v) = -2*v**3 + 3*v**2 + v - 2. Let k be n(-1). Suppose -k*i - h = -359 + 40, 177 = i + 4*h. What is the tens digit of i?
5
Let n(a) = 6*a**2 - 13*a + 19. Let j(i) = -13*i**2 + 25*i - 38. Let c(h) = 3*j(h) + 7*n(h). What is the units digit of c(11)?
6
What is the thousands digit of 424695/(-230)*(-4)/3?
2
Let t = 499 + 1554. What is the thousands digit of t?
2
Let x be (-8)/3*((-441)/6 + -3). Let o = x - 125. What is the tens digit of o?
7
Let i = 841 - 165. What is the units digit of i?
6
Let s be (-1 + 2)*(0 + 4). Suppose 76 + 160 = s*q. What is the units digit of q?
9
Suppose 5*x - 6400 = -0*x + 2*m, 0 = -3*m - 15. What is the tens digit of x?
7
Suppose -4*i = 5*i + 270. What is the units digit of -18 + 16 - (i + 0)?
8
Let d(m) = -25*m**3 + 7*m**2 + 11*m + 3. What is the units digit of d(-4)?
1
Suppose -4*r + 19 = 3*y - 0*r, 3*r - 23 = -4*y. Suppose -3*x = -y*x + 36. Let u = 33 - x. What is the tens digit of u?
1
Let u(l) = -49*l + 25. Let h be u(-10). Suppose 5*b - 55 = h. What is the tens digit of b?
1
Let c(n) = 3 + 34 + 7*n - 4. What is the hundreds digit of c(17)?
1
Let w(c) = 180*c**2 - 6*c + 6. What is the thousands digit of w(3)?
1
Suppose -4*t + w - 71 + 215 = 0, -4*w + 127 = 3*t. Let h = t + 128. What is the units digit of h?
5
Let h be 9/6 - 12/(-8). Suppose 52 = -h*b + 4*m, 2*b - m = 7*b + 102. Let q = -6 - b. What is the units digit of q?
4
Let z(s) = -2*s**3 + 8*s**2 - 3*s - 4. Let g(l) = -l**2 - 5*l - 1. Let k be g(-4). What is the units digit of z(k)?
5
Let g(o) = -o**3 + 9*o**2 + 3*o - 13. Let r be g(9). What is the units digit of (-3)/2*(r - 140)?
9
What is the tens digit of (1/(-6))/(29/(-149118))?
5
Let m(d) = d + 3. Let q be m(-5). What is the tens digit of (9 - 7)*(-27)/q?
2
Let t(n) = 3*n + 19. Let h be t(-5). Let l = 164 - 71. Suppose h*s - s = l. What is the units digit of s?
1
Let n = 461 + -227. Let q = n - 132. What is the hundreds digit of q?
1
Suppose 8*n + 3442 = 14962. What is the tens digit of n?
4
Let u be -2*(-2 + (0 - (-5)/2)). What is the tens digit of (u - (-4 + 0)) + 48?
5
Let g = 53 + -51. Suppose 3*w - 19 = g*w. What is the tens digit of w?
1
Suppose 2*p = -2*p + h + 25, 15 = p - 2*h. Suppose 2*a - p*a = -204. What is the units digit of a?
8
Let m(k) = k**2 + 3*k + 1. Let c be m(-2). What is the units digit of (1 + (-7 - -5))/(c/83)?
3
Let p = 65 + -73. What is the tens digit of 4767/35 + p/(-30)*3?
3
Let c be (1 + 0)*(-7 + 3). What is the tens digit of 4/(-16) + (-301)/c?
7
Let x be (-3)/6 + (-3)/(-6). Suppose -4 + x = -w. Suppose 2*y - 66 = j - 0*j, -5*y - w*j + 191 = 0. What is the units digit of y?
5
Let z(i) = 9*i**2 - i**3 + 8 - 8*i - 8 + 2. What is the tens digit of z(6)?
6
Let j(i) = 40*i**2 - 7*i + 5. What is the hundreds digit of j(4)?
6
Suppose -u + 5*v + 16 = 0, 14 = 4*u - 5*v - 5. What is the tens digit of 164 - ((u - 5) + 0)?
6
Let x = 49 - -99. Let z(b) = b**3 + 4*b**2 + 2*b. Let q be z(-3). Suppose -x = -j - q*j. What is the tens digit of j?
3
Suppose -4*l - 17 = -5, -2*m + 4*l + 20 = 0. Let d be m*1/4*5. Suppose -110 = 3*i - 6*i - v, v = -d*i + 180. What is the units digit of i?
5
Let u(t) be the third derivative of -3*t**4/4 + t**3/2 - 5*t**2. What is the units digit of u(-3)?
7
Suppose 4*p - 7 = -319. Let g = 290 + p. What is the hundreds digit of g?
2
Let n(x) = -3*x**2 + 21*x + 1. Let o be n(7). Let q(c) = 28*c**3 - c**2 + 3*c - 2. What is the units digit of q(o)?
8
Suppose -15 - 4 = -t + 4*h, 27 = 3*t + 3*h. Suppose -4*s + r + 62 - 7 = 0, s = 3*r + t. Suppose 3*n = 7*n - b - 4, -n + 4*b = s. What is the units digit of n?
2
Let a(k) = 6*k - 1. Let s be a(1). Suppose 0 = -2*x + 5*c + 25, x + c + s = 5*x. Let v(f) = f**2 - f + 49. What is the units digit of v(x)?
9
Let b be (0 + (-16)/2)/(-2). Let o = b + -12. What is the units digit of ((-22)/o)/((-1)/(-4))?
1
Let x = -1235 + 4772. What is the units digit of x?
7
Suppose 2*v + 60 = 7*v. What is the tens digit of -2*44/(-16)*v?
6
Suppose -6*b + 15171 = 7*b. What is the thousands digit of b?
1
Let v be 6/(-4)*(-10)/3. Suppose 3*x = 4*y + 99, -2*y = 4*x + 2*y - 104. Suppose -j + x = v*s - 14, 5 = -5*s. What is the tens digit